d by v?
24
Suppose 9*k - 579 = 1140. What is the remainder when k is divided by 33?
26
Let o = 47 - 31. What is the remainder when o + 4/(8/(-10)) is divided by (-8)/(-3) + (-2)/3?
1
Calculate the remainder when (-30)/(-6) - ((-168)/4 - 5) is divided by 33.
19
Suppose 2*r - 3*g + 239 = 0, 6*g - g = -5. Suppose -12 = -8*i - 604. Let x = i - r. Calculate the remainder when x is divided by 12.
11
Let g(v) = -v**2 + 6. Let j be -3 - 6/((-18)/21). Let s(b) = b**2 + b - 5. Let d(y) = j*g(y) + 6*s(y). Calculate the remainder when d(-5) is divided by 3.
2
Suppose -228 = 13*g - 358. Suppose -4*n + 5*r + 206 = 0, 7*r + 204 = 4*n + 3*r. What is the remainder when n is divided by g?
9
Suppose -t + 3*z + 141 = -18, 157 = t - z. What is the remainder when t is divided by 49?
9
Suppose 0 = -8*q + 13*q + 195. Let a = q + 59. Let s = 43 - a. What is the remainder when 45 is divided by s?
22
Let b(a) = 7*a + 13. Let q(z) = 15*z + 27. Let s(u) = 13*b(u) - 6*q(u). Let t(r) = 2*r - 2. Let i be t(5). What is the remainder when 26 is divided by s(i)?
11
Let w(g) = g**3 - 2*g**2 - 18*g + 3. What is the remainder when w(6) is divided by 2?
1
Let o = -3 + 7. Let j = 4 + -2. Suppose 19 = 2*v - 3*t, 11 = 2*v - v - j*t. What is the remainder when v is divided by o?
1
What is the remainder when 2940/27 + -4*2/(-72) is divided by 29?
22
Let f(q) = -4*q**2 + 22*q - 2. What is the remainder when 28 is divided by f(5)?
4
Let a be 16/1*((-242)/4)/11. Let t = 91 + a. Calculate the remainder when 9 is divided by t.
0
Let k be (0/(-1) + 6/(-3))*-4. Suppose -k*i + 98 = -190. What is the remainder when i is divided by 13?
10
Suppose -3*k - 4*u + 114 = -2*u, 3*k = u + 105. Calculate the remainder when 84 is divided by k.
12
Let s = -890 + 930. Suppose -j = -5, 5*i - 75 = -0*j + 2*j. Let u = s - i. What is the remainder when u is divided by 13?
10
Let z(o) = 2*o - 3. Let i be 3/4 - (-144)/64. Let u be z(i). Suppose -g = -6*g + u*a + 187, -2*g + 5*a = -71. What is the remainder when g is divided by 20?
18
Let t(d) = 4*d**2 - 3*d + 2. Let z be t(1). What is the remainder when -1 - (0/z + 10)*-7 is divided by 18?
15
Let y be 4 + (0 + 0 - -15). Suppose 815 = -y*r + 24*r. Calculate the remainder when r is divided by 33.
31
Let q(h) = -2*h**2 + 6*h + 12. What is the remainder when 16 is divided by q(0)?
4
Suppose -5*r - 5*p = -220, 2*r + 3*p = 67 + 19. Let k = 54 - r. What is the remainder when k is divided by 2?
0
Let y = 28 - 26. Suppose u = 2*d - 6*d - 14, 0 = -y*d - 4. Let i(l) = -2*l + 13. What is the remainder when i(u) is divided by 13?
12
Suppose 3*u = 4*a - 2*u - 132, -2*a + 84 = 2*u. Suppose -t + 231 = 2*j - 4*t, 5*j - 561 = 2*t. What is the remainder when j is divided by a?
35
Let k = -502 + 522. Calculate the remainder when 30 is divided by k.
10
Calculate the remainder when -3*2/(-18)*3*4 is divided by 2.
0
Suppose -13*u + 718 = 211. What is the remainder when 77 is divided by u?
38
Suppose 0*w - 222 = -3*w. Let j = 24 - -1. Calculate the remainder when w is divided by j.
24
Suppose 0 = -25*n + 8023 - 373. Calculate the remainder when n is divided by 31.
27
Let t(d) = 20*d**2 - d - 2. What is the remainder when 33 is divided by t(-1)?
14
Let o = 71 + -21. Suppose -4*s = -9*s - 100. Let k = s - -33. Calculate the remainder when o is divided by k.
11
Suppose 168 = 5*q + 4*f, 5*f - 170 = -12*q + 7*q. What is the remainder when q is divided by 7?
4
Let n be (-5 + (2 - 0))/((-9)/12). Suppose 0*b + 458 = n*k - 2*b, -k + 5*b = -128. Calculate the remainder when k is divided by 58.
55
Let p(o) = -6*o - 204. Calculate the remainder when 58 is divided by p(-38).
10
Let j = 207 - 177. What is the remainder when 55 is divided by j?
25
Let j be 104/(-13)*(-13)/2. Suppose -8*c = -4*c - j. Calculate the remainder when 88 is divided by c.
10
Suppose -p = -5*z + 20, 3 = 5*p + 2*z - 5. Suppose 4*y - 5*q + 3*q - 120 = p, 2*y = 5*q + 44. What is the remainder when y is divided by 19?
13
Let v(i) = -58*i - 825. What is the remainder when v(-23) is divided by 85?
84
Suppose 4*h - 44 = 8. Let o(z) = -3*z + 70. What is the remainder when o(16) is divided by h?
9
Calculate the remainder when 128 is divided by (10/(-8))/(6/(-192)).
8
What is the remainder when 51 is divided by ((-58)/8 - 31/(-124)) + 41?
17
Let v(h) = h - 1 - 1 + 4 + 4. Let z be v(-6). Let m(w) = w**3 + w**2 + w + 7. What is the remainder when 10 is divided by m(z)?
3
Let t = 64 - -70. Calculate the remainder when t is divided by 54.
26
Let j be (0 - 3 - (-8 + 4)) + 252. Suppose 0 = -7*r + 18*r - j. Suppose 3 = a + 5*b - 10*b, 5*a - 3*b = 37. What is the remainder when r is divided by a?
7
Let m be (-12)/30*5*-19. Let l = m - -142. Suppose 0 = -3*d - 69 + l. What is the remainder when d is divided by 10?
7
Let k be ((-8)/(-2))/(-2) - (43 + 1). Let i = 50 + k. Calculate the remainder when 16 is divided by i.
0
Let c(x) = 3*x**3 - 3*x**2 - x - 5. What is the remainder when 124 is divided by c(3)?
32
Calculate the remainder when 107 is divided by (-18)/(-4)*(1044/54 + -14).
11
Let z be 2*(-6)/4 - -27. Let j be ((-225)/(-20))/(9/z). Suppose 6*u - 11*u + j = 0. What is the remainder when 21 is divided by u?
3
Suppose 0 = 70*q - 91*q + 651. What is the remainder when 83 is divided by q?
21
Suppose 11 - 113 = -2*u. Let r = 105 - u. Suppose -5*o + 4*w = -161, w + 73 + 18 = 3*o. Calculate the remainder when r is divided by o.
25
Suppose 41*n = 34*n + 2898. What is the remainder when n is divided by 26?
24
Let g = -2285 - -2304. Let a(q) = q**3 + 7*q**2 - 4. What is the remainder when a(-6) is divided by g?
13
Let g = 14 - 8. Let i be (-32)/(-4 - -8) - 2. Let o(p) = p**3 + 11*p**2 + 7*p - 10. Calculate the remainder when o(i) is divided by g.
2
Let a be (2/5)/((-3)/15) + 4. Let g(d) = -d**2 - 5*d + 3. What is the remainder when a/11 - (-3003)/121 is divided by g(-4)?
4
Suppose 0 = -5*u + 225 - 180. Let v(w) be the third derivative of w**5/60 + w**4/8 + 5*w**3/6 - w**2. Calculate the remainder when v(-7) is divided by u.
6
Suppose 3*r + 72 = -r. Let o = 5 + r. Let q = o + 16. Calculate the remainder when 11 is divided by q.
2
Suppose -2*s - 33 = 3*b, -3*s - 30 = 3*b - 2*s. Let c = b + 30. What is the remainder when 78 is divided by c?
15
Suppose -15 = -4*y + 121. Let h = 44 + y. Calculate the remainder when h is divided by 16.
14
Let g = -778 - -787. What is the remainder when 3*11*8/6 is divided by g?
8
Suppose 0*j - 8 = -4*j. Suppose z = 5*u + 50, 2*u - 2*z + 20 = j*z. What is the remainder when 15/(-6)*132/u is divided by 17?
16
Let p(b) = -b**2 + 138. What is the remainder when p(-9) is divided by 29?
28
Suppose -37 = -5*s - m, 2*m - m - 23 = -3*s. Suppose -s*w + 12*w = 50. Calculate the remainder when 37 is divided by w.
7
Let o = -30 - -45. Suppose 7*d - 10*d + 33 = 0. Suppose 5*q - 51 = -d. Calculate the remainder when o is divided by q.
7
Let l be ((-30)/(-9))/((-1)/(-18)). Suppose 20 = -2*d + l. Let p = 0 + 7. What is the remainder when d is divided by p?
6
Let i be (-85)/(-25) + (-4)/10. Let c(w) = 11*w + 2. Calculate the remainder when c(i) is divided by ((-2)/(-3))/((-4)/6)*-9.
8
Suppose 14*t = 11*t + 3, 4*t - 88 = -3*u. Let z be -2 - -4*3/2. Suppose -o = 5*y - 20, o - 2 = z*y + 9. Calculate the remainder when u is divided by o.
13
Let x = 27 + -17. Let i = 75 + -27. Suppose 2*f - i = 4*j - 3*j, 4*f + 2*j = 112. What is the remainder when f is divided by x?
6
Let t(l) = 9*l**3 - 3*l**2 + l + 6. Calculate the remainder when 472 is divided by t(2).
64
Suppose -12*l - 2*n + 176 = -11*l, 3*l = 5*n + 583. What is the remainder when l is divided by 47?
45
Suppose 20 = 18*k + 110. Let f(m) = -3*m - 12. Calculate the remainder when f(k) is divided by 1.
0
Let f(z) = 13*z**3 - 3*z + 2. Let t = 12 - -21. Calculate the remainder when t is divided by f(1).
9
Let r be 2/3*(-3)/(-2) + 10. Suppose 0 = -4*l + 65 + r. Calculate the remainder when 36 is divided by l.
17
Let p = 1147 - 1134. Calculate the remainder when 27 is divided by p.
1
Suppose 100 = -12*j + 364. What is the remainder when j is divided by 4/12 - (-38)/3?
9
Let j = 20 + -17. Suppose -j*o + 5*o - 40 = 0. What is the remainder when o is divided by 12?
8
Suppose 4 = 5*x - 4*x, 5*z - 2*x - 82 = 0. Suppose 4*y = 7*y - z. What is the remainder when 20 is divided by y?
2
Suppose -32 = 